se b*d - 4 = 0, -h + 388 = 13*d - 17*d. List the prime factors of h.
2, 3, 11
Let c(v) = 2*v**2 - v + 4. Let y be c(2). Let r = 11 - y. What are the prime factors of 3/(-2)*((-696)/18)/r?
2, 29
Suppose 57 - 57 = -4*p. Suppose -12*i + 2650 + 6362 = p. What are the prime factors of i?
751
Let t be (2/8 + 84541/204)*6. Suppose -699 - t = -5*z + 3*j, 3159 = 5*z + 4*j. List the prime factors of z.
5, 127
Let j be -2 + 69/(0 + 3). Let k(x) = 6*x**2 - 10*x + 8. Let l be k(5). Let o = l + j. List the prime factors of o.
3, 43
Let y(g) = g**3 - 30*g**2 + 28*g + 35. Let k be y(29). Suppose z + 7*u - k*u - 36 = 0, 2*z + 5*u - 57 = 0. List the prime factors of z.
41
Let l be (-3147)/15 + 1 + 36/(-30). Let h = 400 + l. What are the prime factors of h?
2, 5, 19
Suppose 33*m = 32*m + 12. Let f(q) = -m*q + 0 - 1 - 1. List the prime factors of f(-5).
2, 29
Let i(q) = -q**2 + 22*q + 10. Let t be i(10). Let b = 192 - t. Suppose 29*h - 30*h = -b. What are the prime factors of h?
2, 31
Let a = -36 + 73. Suppose 4*y = -133 + a. Let c = y + 224. List the prime factors of c.
2, 5
Let y(w) = 4*w + 30. Let c be y(-7). Suppose -c*v - v = -93. Let a = -27 + v. What are the prime factors of a?
2
Let u(i) = 49*i**2 - 43*i - 297. What are the prime factors of u(-16)?
5, 13, 199
Suppose 4515711 = 132*b + 325503. List the prime factors of b.
2, 31
List the prime factors of -21 - (7 - (18 + 38494)).
2, 3, 1069
List the prime factors of (1 - -1) + -9 - (-23992 - 3 - 5).
23993
Let m(x) = -1787*x + 5340. What are the prime factors of m(-24)?
2, 3, 4019
Let c(i) be the second derivative of 141*i**4/2 - i**3/6 - 8*i - 9. List the prime factors of c(-1).
7, 11
Suppose -38*o = -53*o + 130800. List the prime factors of o.
2, 5, 109
Suppose 108*m - 2507471 = -6*m + 5963755. List the prime factors of m.
19, 3911
Let q = 109 - 33. Suppose -b + 4*h = -8, -b - 35*h + 8 = -32*h. Let r = q + b. What are the prime factors of r?
2, 3, 7
Let u(h) = -h**3 - 18*h**2 - 73*h - 2. Let f be u(-10). Suppose -4*s - 276 = 5*c, -3*s + 281 = -5*c - 2*s. Let k = c - f. What are the prime factors of k?
2
Let a(f) = 17*f**3 - 16*f**2 + 7*f - 122. List the prime factors of a(6).
2, 13, 29
Let m = -12 + 15. Let d = -1611 + 1611. Suppose 6*w + m*w - 1872 = d. What are the prime factors of w?
2, 13
Let o be 1/6 + (12 - 131/(-6)). Suppose o*h = 27*h + 2254. What are the prime factors of h?
2, 7, 23
Let d be (-1 - -3) + -40 + 0. Let r = 552 - 573. Let v = r - d. What are the prime factors of v?
17
Suppose -l - 746 = 6*m - 84512, -2*l + 167436 = -4*m. What are the prime factors of l?
2, 3, 5, 2791
Let h = 367 - -838. Suppose 33 - h = -4*c. List the prime factors of c.
293
Let o = -62107 + 88676. List the prime factors of o.
163
Suppose 0 = 2*f - 5*d - 28918, -2821 = -f - d + 11624. What are the prime factors of f?
14449
Let n(u) = 3*u**3 + 69*u**2 - 23*u - 57. What are the prime factors of n(-21)?
2, 3
Suppose 0 = 7*l - 0*l - 7637. Suppose 1086 = 4*q + 2*o - 4*o, -4*q = -o - l. What are the prime factors of q?
2, 137
Let f(g) = 17*g**3 + 1. Let a be f(-1). Let u be (1 + a)*((-150)/(-9))/(-5). Let h = u + 100. What are the prime factors of h?
2, 3, 5
Let r be (-1)/3 - 354/18. Let t = -16 - r. Suppose -c - 78 = -3*h, 0 = 3*h - 2*h + t*c - 13. List the prime factors of h.
5
Suppose 32256 = 55*g - 47*g. Suppose g = 34*v - 25*v. List the prime factors of v.
2, 7
Suppose -18 = -3*p + 129. Let z = 49 - p. Suppose 0 = 5*w - 2*f - 157, 4*w + z*w - 2*f = 124. List the prime factors of w.
3, 11
What are the prime factors of 3532*2 + -10*17/170?
7, 1009
Let m(j) = 32*j - 12. Let l(w) = -161*w + 62. Let k(b) = 6*l(b) + 33*m(b). What are the prime factors of k(2)?
2, 3, 13
Suppose 9*j + 26805 = 14*j + 2*r, r = -2*j + 10721. List the prime factors of j.
31, 173
Suppose -5*q = -2*i, 0 = -i + 6*i - 5*q. Let j be (-4)/10*(i - 5). Suppose 5*k - j*d = 24, -d + 10 = 4*k - 17. List the prime factors of k.
2, 3
Let j(n) = -n**3 + 17*n**2 + 8*n - 5. Let w be j(17). Let k = w - -1. Suppose 10*p - 1818 - k = 0. List the prime factors of p.
3, 5, 13
Let f = 228 + -73. Suppose -158*v + 1437 = -f*v. List the prime factors of v.
479
Let b be -3 + 78 - (-1 + 4). Suppose -37*h + 34*h + b = 0. Suppose -2*w = 2*l - h, 56 = 4*w + 3*l - l. What are the prime factors of w?
2
Suppose 0 = -38*n + 33*n - 2*k + 169789, 4*n - k - 135852 = 0. What are the prime factors of n?
33961
Suppose 5*c + 4*b = -b + 15, 4*c - 14 = -3*b. Suppose 0 = -2*d - p + 91 + 14, 0 = -c*d - 3*p + 261. What are the prime factors of d?
2, 3
Let x be -3 + -1 + -1*9. Let f = 68 + x. List the prime factors of f.
5, 11
Suppose 22*h = -14944 - 17418. Let k = h + 2152. What are the prime factors of k?
3, 227
Let r(f) = f**2 + 22*f + 66. Let z be r(-19). Let i be (-4 - (-204)/54) + 1046/z. Suppose -2*x = i - 562. What are the prime factors of x?
223
Suppose 2*l + 3*z = 8*z - 11, 5*l + 3*z - 19 = 0. Let t be -69 + (1/6 - l/12). Let h = t + 107. List the prime factors of h.
2, 19
Let f = 57 + -53. Let o(a) = a**3 - 3*a**2 - 2*a - 4. Let t be o(f). Suppose -2*v = t, -4*v - 603 = -5*c - 0*v. What are the prime factors of c?
7, 17
Suppose -32*d + 82860 = -2*d. List the prime factors of d.
2, 1381
Let v(t) = 11694*t**3 - 15*t**2 + 12*t + 4. What are the prime factors of v(1)?
5, 2339
Let x(p) = -p**3 + p**2 - p + 963. Let g be x(0). Let u = 1869 - g. List the prime factors of u.
2, 3, 151
Suppose -3*v + 3990 = 63. Let w = v + -4235. List the prime factors of (-4)/(-3) - w/42.
71
Let f be 4 - ((140 - 2) + (-1 - 2)). Let z = 136 + f. Suppose -z*m + 3*v = -1323, 2*m - 311 - 214 = -3*v. List the prime factors of m.
2, 3, 11
Let p(r) = -r**3 + 82*r**2 + 69*r - 1064. What are the prime factors of p(81)?
2, 23, 241
Let i(j) = -348*j**3 + 4*j**2 + 20*j - 1. List the prime factors of i(-4).
5, 4451
Suppose 202*g + 191*g - 41972469 = -378*g. What are the prime factors of g?
7, 11, 101
Suppose 35392 = 4*t + 5*a - 55502, 22725 = t + 2*a. What are the prime factors of t?
22721
Let l be (6/2)/((-3)/136). Let f = l + 229. List the prime factors of f.
3, 31
Let w(t) = 22*t + 3471. What are the prime factors of w(-131)?
19, 31
Let v = -1486 - -2951. What are the prime factors of v?
5, 293
Suppose 4*y + 5*b - 6900 = 779, 3*y = 4*b + 5767. Let o = y + -1312. List the prime factors of o.
3, 7, 29
Suppose 0 = -66*y + 664385 + 692905. What are the prime factors of y?
3, 5, 457
Let q = -103300 - -149194. What are the prime factors of q?
2, 3, 7649
Let p = -5101 - -41946. What are the prime factors of p?
5, 7369
Suppose -r + 75 - 76 = 0. Let n be (-1)/((-2)/(1 - -60 - r)). Let d = n + 36. List the prime factors of d.
67
List the prime factors of 2219979/204 - (-5)/(-20).
2, 5441
Let x be (5/(-3))/(5/(-15)) + -1. Let g be 1*(9 + x - 5). What are the prime factors of ((-68)/6)/(g/(-132))?
11, 17
Let x be (6 - 0/(-5)) + -3. Suppose x*k + 8 = 4*j, j - 8 = -3*k - 3*j. Suppose 12 = 3*f + a, k = -5*f - 3*a + 2*a + 20. List the prime factors of f.
2
Let h = 395 - 380. List the prime factors of 14377/165 + (4 - 62/h).
3, 29
Let p = 3 - 1. Suppose -6*t - b = -2*t - 288, 5*b = p*t - 144. Suppose 73*m - t*m - 36 = 0. What are the prime factors of m?
2, 3
Let o = 12820 - 6891. Suppose -o = -7*x + 301. List the prime factors of x.
2, 5, 89
Suppose -3*o + 20 = -2*o - 2*i, 2 = -i. Suppose 14*q - o*q + 1464 = 0. What are the prime factors of q?
2, 3, 61
Let x(a) be the second derivative of 37*a**4/6 + 31*a**3/6 - 99*a**2/2 - a - 5. List the prime factors of x(4).
3, 13, 31
Let u = 95 + -94. Let h be (1/5)/(u/10*1). List the prime factors of 3*61 - (-10)/h.
2, 47
Let a = -3376 - -8058. What are the prime factors of a?
2, 2341
Let k(m) = 2*m**2 - 48*m - 89. Let r be k(28). What are the prime factors of 1/((-6)/2518*(-45)/r)?
1259
Let b = 7872 + -3921. What are the prime factors of b?
3, 439
What are the prime factors of 23/(-46) - 267/(-6)*169?
2, 5, 47
Let o = 42229 - 22620. List the prime factors of o.
19609
Let k(i) = 51*i**3 + 7*i**2 - 56*i + 41. List the prime factors of k(6).
10973
Let v = 398 + -206. Let f = 61 - v. What are the prime factors of (-4 - f)/((-1)/(-2))?
2, 127
Let z(a) = 188*a - 1384. Let o be z(7). Let j be 2/(-4) - 633/6. Let s = o - j. What are the prime factors of s?
2, 19
Let t = 11810 + 7449. What are the